13, what is -1385 + 11?
-1374
In base 2, what is 11 - 101110110100011?
-101110110100000
In base 15, what is 29 - -21?
4a
In base 3, what is 122201202 - 2222?
122121210
In base 2, what is 1000011100 - -1011000001?
10011011101
In base 15, what is -1d3d0 + -e?
-1d3de
In base 12, what is -270 - 259?
-509
In base 4, what is -12 - -3212102?
3212030
In base 10, what is 11 - 480?
-469
In base 15, what is -5 - -45b6d?
45b68
In base 12, what is 55996 - 1?
55995
In base 7, what is 0 + 2200332?
2200332
In base 13, what is 5 - 19cb7?
-19cb2
In base 9, what is 451 - -5?
456
In base 13, what is 1 + -15995?
-15994
In base 4, what is 11210 + -302?
10302
In base 3, what is -101200 - 21212002?
-22020202
In base 15, what is 21c221 + 2?
21c223
In base 8, what is 144373 - -3?
144376
In base 2, what is 10100001111111101 - 0?
10100001111111101
In base 11, what is 48576 + -1?
48575
In base 7, what is -1606622 + -1?
-1606623
In base 9, what is 18 - -474?
503
In base 4, what is -303 - -2120232?
2113323
In base 10, what is 5 + -2176?
-2171
In base 6, what is -10 - 15204403?
-15204413
In base 10, what is -140 - -286?
146
In base 16, what is ecf + 3?
ed2
In base 12, what is -494 + -1158?
-1630
In base 15, what is b505 + 0?
b505
In base 7, what is -1104 + 3252?
2145
In base 12, what is a + 34436?
34444
In base 9, what is 663 - -1357?
2131
In base 12, what is -4 - -b42ba?
b42b6
In base 15, what is -79 - -1a5?
12b
In base 5, what is 10411 - 2?
10404
In base 5, what is -1232201 + -3?
-1232204
In base 7, what is 2 - -11000066?
11000101
In base 12, what is 1391 + 543?
1914
In base 2, what is -1000100001100 - -1100?
-1000100000000
In base 15, what is 320 + -120?
200
In base 14, what is -49 - -103?
98
In base 16, what is -5 + -497a?
-497f
In base 10, what is -7 + -159088?
-159095
In base 11, what is -308 - -19?
-29a
In base 16, what is -267b - 85?
-2700
In base 7, what is 400 - 12640?
-12240
In base 12, what is 234 - -105?
339
In base 8, what is 147253 - 3?
147250
In base 15, what is 0 - -b348?
b348
In base 16, what is 18e29 + 4?
18e2d
In base 11, what is 54 - -165?
209
In base 7, what is 0 - 121134?
-121134
In base 2, what is 1111101000 - -101?
1111101101
In base 9, what is -1122 + 4020?
2787
In base 5, what is 124321 - -12?
124333
In base 12, what is -26 - -920?
8b6
In base 14, what is -a9 + 150?
85
In base 15, what is -252 + -189?
-3db
In base 2, what is 10011001011 - 10101?
10010110110
In base 6, what is -4 - 33403051?
-33403055
In base 10, what is -73 + -15226?
-15299
In base 6, what is 5 - -451403?
451412
In base 13, what is -4 + 151bb?
151b7
In base 16, what is -6 + -8062?
-8068
In base 12, what is -253b + -5?
-2544
In base 5, what is 0 + -21121204?
-21121204
In base 7, what is -132 - 142245?
-142410
In base 10, what is 137 + 312?
449
In base 8, what is -33042 - 3?
-33045
In base 13, what is bb - -303?
3c1
In base 11, what is 3 - -5003?
5006
In base 10, what is 20044 + 133?
20177
In base 11, what is -487a0 - -10?
-48790
In base 4, what is -10 + 2230122?
2230112
In base 16, what is -f1f3d - 4?
-f1f41
In base 14, what is -115c - 1b1?
-132d
In base 9, what is -7168 + -345?
-7524
In base 7, what is 350 + -132?
215
In base 16, what is -700 + 8?
-6f8
In base 7, what is -50213 - -225?
-46655
In base 8, what is 55004 + -2?
55002
In base 4, what is 13 - -2010002?
2010021
In base 3, what is 10 + -1020011220?
-1020011210
In base 4, what is -3 + 230321300?
230321231
In base 15, what is e - -886a?
8879
In base 8, what is 62 + 10232?
10314
In base 10, what is 44461 - -4?
44465
In base 10, what is 3025 + 14?
3039
In base 4, what is -1302013110 - -11?
-1302013033
In base 5, what is -212341124 - 0?
-212341124
In base 7, what is -451345 - -6?
-451336
In base 3, what is 10 + 111020200221?
111020201001
In base 10, what is -23 + -3312?
-3335
In base 6, what is -44 + -12030?
-12114
In base 2, what is -100101110 + -100101?
-101010011
In base 14, what is 3 - -5841?
5844
In base 9, what is 436423 + 4?
436427
In base 14, what is -571196 + 3?
-571193
In base 3, what is 102020020212 - 2?
102020020210
In base 4, what is -122312 - -32131?
-30121
In base 14, what is 168adb - -1?
168adc
In base 13, what is -4c9 - -349?
-180
In base 8, what is 7014 + 10?
7024
In base 10, what is 17 + -17990?
-17973
In base 14, what is -114725 - 0?
-114725
In base 5, what is 1023342 + 4?
1023401
In base 7, what is -311433 + 1?
-311432
In base 11, what is -2 - 59154?
-59156
In base 11, what is -5 - -268599?
268594
In base 12, what is 256 - -289?
523
In base 5, what is -4434 - -22?
-4412
In base 10, what is -1 + -122179?
-122180
In base 8, what is 14462 + 4?
14466
In base 6, what is -1330412 - -52?
-1330320
In base 6, what is -2 + 311114?
311112
In base 16, what is -2 - 27c9?
-27cb
In base 15, what is -1b - 84?
-a0
In base 3, what is 1112 - -212022012?
212100201
In base 13, what is 99 - 35?
64
In base 8, what is -230 - 314?
-544
In base 7, what is -2 + -4036242?
-4036244
In base 13, what is -1a587 - 2?
-1a589
In base 8, what is 0 + 1526320?
1526320
In base 5, what is 11432 - -40?
12022
In base 7, what is -5 - 104603?
-104611
In base 15, what is 14 + aa9c?
aab1
In base 12, what is 19 - 3b15?
-3ab8
In base 10, what is -1 - -186?
185
In base 9, what is -1 + 121613?
121612
In base 3, what is 11 - -111022221000?
111022221011
In base 12, what is -17 + 993?
978
In base 14, what is 1916 - 0?
1916
In base 16, what is -108e + -92?
-1120
In base 12, what is -6 - 11297?
-112a1
In base 14, what is 1 + -2ba6a?
-2ba69
In base 14, what is 0 + -1db6?
-1db6
In base 11, what is -a958 - -180?
-a788
In base 5, what is 23323 - 23?
23300
In base 10, what is 1 - -347371?
347372
In base 14, what is 1b - 246a?
-244d
In base 13, what is -268 - -13?
-255
In base 8, what is -176026 + -3?
-176031
In base 8, what is -4017 + 4?
-4013
In base 6, what is 5 + 115245?
115254
In base 9, what is 611571 + -13?
611557
In base 7, what is -10024 - -235?
-6456
In base 13, what is 2b - -970?
99b
In base 9, what is 147 + -4500?
-4342
In base 7, what is -3115650 + 2?
-3115645
In base 16, what is 0 + 67d0?
67d0
In base 16, what is 72 + 11?
83
In base 7, what is -104014 - 12?
-104026
In base 10, what is -20948 + -4?
-20952
In base 2, what is 101 + -10101001100000101010?
-10101001100000100101
In base 5, what is 34 + -412414?
-412330
In base 10, what is 288 - -73?
361
In base 12, what is 2 - -721b4?
721b6
In base 13, what is -2260b9 - -5?
-2260b4
In base 6, what is -124132 + -21?
-124153
In base 4, what is 13 - -3320120?
3320133
In base 12, what is -1691 + -2b?
-1700
In base 5, what is -2101 + 1041?
-1010
In base 14, what is -5 + -535b?
-5362
In base 13, what is 4ccc - -17c?
517b
In base 5, what is 32411 - 1031?
31330
In base 12, what is -45 + -455?
-49a
In base 15, what is -29b - 31?
-2cc
In base 14, what is 3d9d8 + 1?
3d9d9
In base 16, what is 16 + -5d3c?
-5d26
In base 12, what is -13 - -3221?
320a
In base 8, what is 153 - 15722?
-15547
In base 5, what is 204020 + 2?
204022
In base 7, what is 135 - 2332?
-2164
In base 6, what is -145 + 1531110?
1530521
In base 3, what is -10 - -21200221001?
21200220221
In base 2, what is 111 - -11111111101?
100000000100
In base 4, what is 0 + -33210021?
-33210021
In base 6, what is 1113201251 - -3?
1113201254
In base 14, what is 5 + -404d5?
-404d0
In base 12, what is 29a94b + 0?
29a94b
In base 9, what is -248 + 58?
-180
In base 11, what is 5 - -819?
823
In base 13, what is -4612 + -186?
-4798
In base 2, what is -1000101000110000110001 + 1?
-1000101000110000110000
In base 8, what is 14 - -72761?
72775
In base 7, what is -2 - 146303?
-146305
In base 12, what is -1879 + -7a?
-1937
In base 9, what is -4 + -2344511?
-2344515
In base 14, what is -3 + 1566a?
15667
In base 5, what is 214 - 2111?
-1342
In base 5, what is 21 + -14431?
-14410
In base 7, what is -6661335 + -5?
-6661343
In base 16, what is -1a - -4326?
430c
In base 10, what is -3 + -14490?
-14493
In base 14, what is -8 + dd46?
dd3c
In base 12, what is -129 - -216?
a9
In base 3, what is -220 + -20201000?
-20201220
In base 3, what is -100220012 - -1210?
-100211102
In base 5, what is 1 - 102030332?
-102030331
In base 11, what is -37 + -1258?
-1294
In base 12, what is 3 + -1595?
-1592
In base 14, what is a133d + -1?
a133c
In base 16, what is -2 - 47b4a?
-47b4c
In base 8, what is -476 